ivided by 801.
42
Calculate the remainder when 53524 is divided by 184.
164
What is the remainder when 5705 is divided by 1863?
116
Calculate the remainder when 203130 is divided by 24.
18
Calculate the remainder when 60716 is divided by 91.
19
What is the remainder when 1097249 is divided by 26762?
7
What is the remainder when 714069 is divided by 12?
9
Calculate the remainder when 26105 is divided by 1622.
153
Calculate the remainder when 31169 is divided by 18.
11
What is the remainder when 41829 is divided by 1002?
747
Calculate the remainder when 29637 is divided by 26.
23
What is the remainder when 10449075 is divided by 1711?
1709
Calculate the remainder when 246621 is divided by 13.
11
Calculate the remainder when 307717 is divided by 131.
129
What is the remainder when 27324 is divided by 66?
0
Calculate the remainder when 204287 is divided by 61.
59
What is the remainder when 295621 is divided by 133?
95
Calculate the remainder when 6330 is divided by 2085.
75
Calculate the remainder when 234562 is divided by 58637.
14
Calculate the remainder when 28765 is divided by 467.
278
What is the remainder when 10599 is divided by 1377?
960
What is the remainder when 7132 is divided by 204?
196
Calculate the remainder when 30841 is divided by 14.
13
Calculate the remainder when 8645 is divided by 89.
12
What is the remainder when 311 is divided by 98?
17
What is the remainder when 117397 is divided by 29346?
13
Calculate the remainder when 4335 is divided by 509.
263
Calculate the remainder when 31263 is divided by 260.
63
Calculate the remainder when 1468 is divided by 389.
301
Calculate the remainder when 658 is divided by 38.
12
What is the remainder when 6371 is divided by 12?
11
Calculate the remainder when 37004 is divided by 12305.
89
What is the remainder when 5259 is divided by 406?
387
Calculate the remainder when 10477 is divided by 101.
74
Calculate the remainder when 23088 is divided by 1905.
228
What is the remainder when 3614 is divided by 1141?
191
What is the remainder when 20744 is divided by 5122?
256
What is the remainder when 118915 is divided by 217?
216
What is the remainder when 3299 is divided by 3109?
190
Calculate the remainder when 350646 is divided by 3.
0
What is the remainder when 5051 is divided by 219?
14
Calculate the remainder when 1161422 is divided by 365.
357
What is the remainder when 17246 is divided by 37?
4
What is the remainder when 40461 is divided by 13479?
24
What is the remainder when 13092 is divided by 11?
2
Calculate the remainder when 203653 is divided by 12728.
5
What is the remainder when 3408374 is divided by 25?
24
Calculate the remainder when 68492 is divided by 60.
32
What is the remainder when 253043 is divided by 23?
20
What is the remainder when 43032 is divided by 1654?
28
Calculate the remainder when 97709 is divided by 189.
185
Calculate the remainder when 437 is divided by 433.
4
Calculate the remainder when 3786 is divided by 159.
129
What is the remainder when 38492 is divided by 460?
312
What is the remainder when 3782 is divided by 845?
402
Calculate the remainder when 135475 is divided by 135469.
6
What is the remainder when 775636 is divided by 9818?
14
What is the remainder when 60850 is divided by 33?
31
Calculate the remainder when 7110 is divided by 1794.
1728
What is the remainder when 27006 is divided by 239?
238
Calculate the remainder when 499 is divided by 105.
79
Calculate the remainder when 7580 is divided by 1513.
15
What is the remainder when 428650 is divided by 108?
106
Calculate the remainder when 3795 is divided by 1877.
41
Calculate the remainder when 61065 is divided by 215.
5
Calculate the remainder when 78187 is divided by 22.
21
Calculate the remainder when 8733 is divided by 378.
39
What is the remainder when 238630 is divided by 8?
6
Calculate the remainder when 3453 is divided by 47.
22
Calculate the remainder when 1010 is divided by 3.
2
Calculate the remainder when 22783 is divided by 9.
4
Calculate the remainder when 280776 is divided by 46793.
18
Calculate the remainder when 19452 is divided by 5.
2
Calculate the remainder when 266843 is divided by 538.
533
Calculate the remainder when 96285 is divided by 740.
85
Calculate the remainder when 999 is divided by 99.
9
What is the remainder when 851 is divided by 151?
96
What is the remainder when 1084 is divided by 156?
148
What is the remainder when 3816 is divided by 19?
16
What is the remainder when 226676 is divided by 283?
276
Calculate the remainder when 7713 is divided by 12.
9
What is the remainder when 2322 is divided by 451?
67
What is the remainder when 3711 is divided by 257?
113
What is the remainder when 2756 is divided by 2670?
86
Calculate the remainder when 100989 is divided by 2461.
88
What is the remainder when 3829 is divided by 1875?
79
What is the remainder when 1295 is divided by 228?
155
What is the remainder when 112533 is divided by 21?
15
What is the remainder when 55342 is divided by 104?
14
What is the remainder when 14989 is divided by 25?
14
Calculate the remainder when 174386 is divided by 142.
10
What is the remainder when 66387 is divided by 14?
13
What is the remainder when 6184 is divided by 1412?
536
What is the remainder when 14207 is divided by 307?
85
What is the remainder when 48598 is divided by 992?
982
What is the remainder when 41032 is divided by 8202?
22
What is the remainder when 74292 is divided by 599?
16
Calculate the remainder when 139305 is divided by 1290.
1275
What is the remainder when 2774 is divided by 427?
212
What is the remainder when 2697 is divided by 88?
57
What is the remainder when 41950 is divided by 114?
112
Calculate the remainder when 83806 is divided by 24.
22
Calculate the remainder when 4911 is divided by 228.
123
What is the remainder when 43709 is divided by 132?
17
Calculate the remainder when 29296 is divided by 962.
436
What is the remainder when 13908 is divided by 1073?
1032
What is the remainder when 57079 is divided by 14261?
35
What is the remainder when 5780 is divided by 91?
47
What is the remainder when 826194 is divided by 60?
54
What is the remainder when 1882 is divided by 907?
68
What is the remainder when 1502138 is divided by 10?
8
Calculate the remainder when 186575 is divided by 184.
183
Calculate the remainder when 101495 is divided by 104.
95
What is the remainder when 14337 is divided by 2856?
57
Calculate the remainder when 181832 is divided by 60604.
20
What is the remainder when 148349 is divided by 49449?
2
Calculate the remainder when 13609 is divided by 10.
9
What is the remainder when 13571 is divided by 376?
35
What is the remainder when 2609 is divided by 96?
17
Calculate the remainder when 7189 is divided by 170.
49
What is the remainder when 34020 is divided by 3780?
0
What is the remainder when 1887 is divided by 67?
11
Calculate the remainder when 146960 is divided by 146952.
8
Calculate the remainder when 3603 is divided by 10.
3
What is the remainder when 6662 is divided by 169?
71
Calculate the remainder when 385 is divided by 301.
84
Calculate the remainder when 367361 is divided by 2783.
5
What is the remainder when 76322 is divided by 39?
38
What is the remainder when 6117 is divided by 46?
45
Calculate the remainder when 77788 is divided by 3241.
4
Calculate the remainder when 7904 is divided by 1804.
688
Calculate the remainder when 7508 is divided by 139.
2
What is the remainder when 11973 is divided by 2991?
9
What is the remainder when 6856 is divided by 2130?
466
What is the remainder when 11386 is divided by 5636?
114
What is the remainder when 770833 is divided by 385410?
13
What is the remainder when 2213490 is divided by 737825?
15
Calculate the remainder when 11178 is divided by 64.
42
What is the remainder when 95343 is divided by 15889?
9
Calculate the remainder when 133036 is divided by 33.
13
Calculate the remainder when 58460 is divided by 731.
711
Calculate the remainder when 3650 is divided by 373.
293
What is the remainder when 4057 is divided by 4034?
23
What is the remainder when 2284477 is divided by 88?
85
Calculate the remainder when 64215 is divided by 12839.
20
Calculate the remainder when 545190 is divided by 31.
24
What is the remainder when 53992 is d